283 a factor of 23489?
True
Is 17 a factor of 150?
False
Is 13489 a multiple of 9?
False
Does 93 divide 57155?
False
Does 5 divide 249?
False
Is 406 a multiple of 4?
False
Does 2 divide 2?
True
Does 25 divide 3559?
False
Does 11 divide 10252?
True
Does 34 divide 680?
True
Is 40 a factor of 54520?
True
Is 30 a factor of 2040?
True
Is 213 a multiple of 5?
False
Does 87 divide 31735?
False
Is 68 a factor of 17748?
True
Is 4070 a multiple of 110?
True
Is 858 a multiple of 22?
True
Is 7 a factor of 30446?
False
Is 29 a factor of 4766?
False
Is 43 a factor of 2246?
False
Is 13 a factor of 1094?
False
Is 158 a multiple of 7?
False
Is 36 a factor of 216?
True
Does 37 divide 10819?
False
Does 18 divide 20533?
False
Is 8051 a multiple of 9?
False
Is 1544 a multiple of 20?
False
Is 243 a multiple of 12?
False
Is 333 even?
False
Does 12 divide 24028?
False
Does 28 divide 658?
False
Is 7 a factor of 420?
True
Is 17761 a multiple of 75?
False
Is 12 a factor of 1629?
False
Is 192 a factor of 6684?
False
Is 3 a factor of 106?
False
Does 16 divide 43427?
False
Is 37 a multiple of 2?
False
Is 3 a factor of 1171?
False
Does 11 divide 1896?
False
Is 454 a multiple of 6?
False
Is 71 a factor of 6156?
False
Is 51556 a multiple of 255?
False
Does 17 divide 221?
True
Is 23 a factor of 69586?
False
Does 15 divide 1375?
False
Does 3 divide 552?
True
Is 216 a multiple of 36?
True
Does 29 divide 1131?
True
Is 1082 a multiple of 81?
False
Is 42 a factor of 6930?
True
Is 51 a factor of 466?
False
Does 17 divide 7758?
False
Is 85 a factor of 13090?
True
Is 5348 a multiple of 191?
True
Does 21 divide 6255?
False
Is 990 a multiple of 10?
True
Is 7414 a multiple of 112?
False
Does 42 divide 3771?
False
Is 556 a multiple of 4?
True
Does 4 divide 32?
True
Does 304 divide 35872?
True
Does 24 divide 1540?
False
Is 34 a factor of 7582?
True
Is 462 a multiple of 33?
True
Does 76 divide 532?
True
Is 703 a multiple of 29?
False
Is 4783 a multiple of 20?
False
Is 72 a factor of 3469?
False
Is 9307 a multiple of 29?
False
Is 38 a factor of 988?
True
Does 128 divide 115584?
True
Does 24 divide 6240?
True
Is 28 a factor of 37699?
False
Is 206 a multiple of 36?
False
Is 68 a factor of 9020?
False
Does 175 divide 96950?
True
Does 7 divide 15996?
False
Does 19 divide 469?
False
Is 70318 a multiple of 26?
False
Is 6 a factor of 352?
False
Is 321 a multiple of 29?
False
Is 87935 a multiple of 18?
False
Is 4 a factor of 3620?
True
Is 1898 a multiple of 14?
False
Is 147 a multiple of 7?
True
Does 24 divide 2291?
False
Is 7722 a multiple of 6?
True
Is 5 a factor of 1803?
False
Does 21 divide 2792?
False
Is 855 a multiple of 3?
True
Is 9108 a multiple of 9?
True
Is 31 a factor of 3534?
True
Is 77 a factor of 693?
True
Does 8 divide 28929?
False
Is 8 a factor of 713?
False
Is 5 a factor of 20?
True
Is 3013 a multiple of 96?
False
Does 6 divide 6?
True
Is 5 a factor of 365?
True
Does 3 divide 24?
True
Is 3761 a multiple of 179?
False
Is 67252 a multiple of 92?
True
Is 1171 a multiple of 91?
False
Is 56 a factor of 4144?
True
Is 29 a factor of 34667?
False
Does 3 divide 564?
True
Is 4 a factor of 682?
False
Is 29 a factor of 792?
False
Is 13 a factor of 1092?
True
Does 10 divide 330?
True
Is 11 a factor of 6847?
False
Does 59 divide 236?
True
Does 67 divide 3082?
True
Does 4 divide 452?
True
Is 2782 a multiple of 11?
False
Is 3 a factor of 312?
True
Does 7 divide 7606?
False
Is 58 a factor of 32712?
True
Does 20 divide 19760?
True
Is 21 a factor of 16758?
True
Is 3 a factor of 3258?
True
Does 24 divide 486?
False
Is 33 a factor of 513?
False
Is 181 a factor of 4706?
True
Is 11 a factor of 25415?
False
Is 1323 a multiple of 21?
True
Is 28044 a multiple of 18?
True
Does 6 divide 10494?
True
Is 4995 a multiple of 27?
True
Is 1517 a multiple of 70?
False
Is 11 a factor of 2255?
True
Is 29 a factor of 6699?
True
Does 132 divide 54516?
True
Is 10 a factor of 93?
False
Does 13 divide 43223?
False
Is 70848 a multiple of 27?
True
Does 13 divide 61581?
True
Is 21 a factor of 61173?
True
Is 7940 a multiple of 105?
False
Is 3956 a multiple of 71?
False
Is 6 a factor of 414?
True
Is 56 a factor of 2464?
True
Is 100 a multiple of 6?
False
Is 3824 a multiple of 3?
False
Is 46 a factor of 8054?
False
Is 10 a factor of 44020?
True
Is 20 a factor of 20580?
True
Is 40122 a multiple of 13?
False
Is 11 a factor of 242?
True
Does 6 divide 5239?
False
Is 539 a multiple of 77?
True
Is 29 a factor of 348?
True
Does 11 divide 36025?
True
Is 57 a factor of 1002?
False
Is 4 a factor of 22932?
True
Does 12 divide 14808?
True
Is 30 a factor of 6599?
False
Is 76 a factor of 11110?
False
Is 34 a factor of 2890?
True
Does 3 divide 174?
True
Does 6 divide 138?
True
Is 11 a factor of 500?
False
Does 99 divide 782?
False
Is 260 a multiple of 50?
False
Does 33 divide 15480?
False
Is 624 a multiple of 16?
True
Is 9 a factor of 72?
True
Does 15 divide 1352?
False
Is 675 a multiple of 11?
False
Is 8918 a multiple of 22?
False
Is 20496 a multiple of 48?
True
Is 28 a factor of 336?
True
Is 46 a factor of 6277?
False
Is 1225 a multiple of 49?
True
Does 14 divide 1682?
False
Does 89 divide 16796?
False
Is 59 a factor of 31919?
True
Does 7 divide 3311?
True
Does 7 divide 816?
False
Is 117711 a multiple of 33?
True
Is 122 a factor of 3407?
False
Does 90 divide 18552?
False
Is 49842 a multiple of 220?
False
Does 12 divide 82381?
False
Does 16 divide 416?
True
Does 13 divide 3822?
True
Does 24 divide 216?
True
Does 2 divide 670?
True
Does 108 divide 19101?
False
Is 15345 a multiple of 165?
True
Does 6 divide 576?
True
Is 13598 a multiple of 43?
False
Is 13 a factor of 2383?
False
Does 51 divide 3292?
False
Is 1740 a multiple of 5?
True
Is 60 a factor of 199?
False
Is 2992 a multiple of 11?
True
Is 10 a factor of 38340?
True
Does 34 divide 1190?
True
Is 1063 a multiple of 3?
False
Is 25 a factor of 2325?
True
Is 8063 a multiple of 11?
True
Does 10 divide 20?
True
Is 36 a factor of 2232?
True
Is 378 a multiple of 18?
True
Is 110 a multiple of 4?
False
Does 74 divide 579?
False
Is 13617 a multiple of 11?
False
Is 2013 a multiple of 14?
False
Does 114 divide 70227?
False
Is 168 a multiple of 24?
True
Does 70 divide 840?
True
Is 21880 a multiple of 45?
False
Is 29 a factor of 3380?
False
Is 182 a multiple of 17?
False
Does 18 divide 3186?
True
Is 107 a factor of 14124?
True
Is 69 a multiple of 2?
False
Does 31 divide 440?
False
Does 50 divide 5234?
False
Does 10 divide 1160?
True
Does 111 divide 1887?
True
Is 76 a factor of 50871?
False
Is 70420 a multiple of 11?
False
Is 30 a factor of 60?
True
Is 823 a multiple of 25?
False
Is 24 a factor of 842?
False
Is 783 a multiple of 29?
True
Is 92 a multiple of 68?
False
Is 13 a factor of 197?
False
Is 23 a factor of 253?
True
Is 1105 a multiple of 85?
True
Is 605 a multiple of 5?
True
Is 106 a multiple of 2?
True
Is 26 a factor of 17165?
False
Does 8 divide 4680?
True
Does 73 divide 1095?
True
Does 158 divide 2833?
False
Is 660 a multiple of 10?
True
Is 14 a factor of 559?
False
Does 18 divide 4707?
False
Does 49 divide 441?
True
Does 120 divide 54240?
True
Is 3900 a multiple of 65?
True
Is 26 a factor of 5226?
True
Is 945 a multiple of 29?
False
Is 130 a factor of 4759?
False
Is 11 a factor of 345?
False
Does 23 divide 12630?
False
Does 12 divide 68428?
False
Does 24 divide 3816?
True
Is 9511 a multiple of 8?
False
Is 7 a factor of 3821?
False
Is 92 a factor of 3128?
True
Is 5010 a multiple of 21?
False
Is 55 a factor of 47135?
True
Does 97 divide 2134?
True
Is 54 a factor of 2862?
True
Is 4417 a multiple of 110?
False
Is 16 a factor of 2190?
False
Is 9 a factor of 1228?
False
Is 1422 a multiple of 8?
False
Is 2756 a multiple of 52?
True
Is 358 a multiple of 9?
False
Is 178 a factor of 10122?
False
Is 328 a multiple of 41?
True
Is 806 a multiple of 31?
True
Is 91 a factor of 2125?
False
Is 31 even?
False
Is 6547 a multiple of 134?
False
Does 37 divide 518?
True
Does 4 divide 291?
False
Is 6531 a multiple of 71?
False
Is 98 a factor of 8428?
True
Is 1097 a multiple of 12?
False
Is 7 a factor of 40?
False
Is 88154 a multiple of 22?
True
Does 9 divide 826?
False
Is 17240 a multiple of 10?
True
Is 10096 a multiple of 15?
False
Is 11032 a multiple of 49?
False
Is 4982 a multiple of 106?
True
Is 216 a multipl